mon factor of 14 and y.
14
Suppose -3*x = 12*z - 7*z - 157, -5*x = z - 27. Calculate the greatest common factor of 64 and z.
32
Let u = -242 + 483. Suppose u = 5*l - 3*w, 0 = 5*l + 4*w + w - 265. Suppose -r = r - l. What is the greatest common factor of 200 and r?
25
Let l be (-2)/(-8 - -2)*1137 + -1. Calculate the greatest common divisor of 14 and l.
14
Suppose 3*t + 13 - 49 = -w, -2*w = t - 12. Suppose 7*s - 6*s + t = 0. Let m be (2/6)/((-1)/s). Calculate the highest common divisor of m and 36.
4
Suppose -30*r + 18032 = -7*r. Calculate the greatest common divisor of r and 49.
49
Let q = 144 - 34. Let z = q + -51. Suppose z = -2*o + 171. Calculate the greatest common divisor of o and 8.
8
Let j(k) = k**2 - 6*k + 4. Let r be (-24 + 9)*7/(-3). Suppose 3*h - r = -2*h. Let w be j(h). What is the highest common factor of 1 and w?
1
Let m = -2148 + 2214. What is the greatest common factor of 66 and m?
66
Suppose -2*n = -11*n + 630. What is the highest common divisor of 175 and n?
35
Suppose 36*y + 324 = 45*y. What is the greatest common divisor of y and 24?
12
Suppose -431*k = -407*k - 744. What is the highest common divisor of k and 403?
31
Suppose -100*w = -104*w + 3948. Calculate the highest common factor of 21 and w.
21
Let o be (-5082)/(-8) + 15/20. What is the highest common divisor of 12 and o?
12
Let i = -155 + 205. Suppose 5*f - 10 = -0*f, 3*f - 16 = -s. Calculate the highest common factor of i and s.
10
Suppose 3*i + 14 = 5*i. Suppose 4*n = i*n - 135. What is the highest common factor of n and 5?
5
Suppose -5*z = j - 4*j + 61, 100 = 4*j - 2*z. Let h be (-340)/(-9) + 6/j - -4. What is the highest common divisor of 6 and h?
6
Suppose -9*z + 699 + 1821 = 0. What is the highest common divisor of 168 and z?
56
Let j = 33 - 8. Suppose 0 = h - v - 3*v - 242, -h - 3*v + 256 = 0. Calculate the highest common divisor of h and j.
25
Let t be (-2 + (-54)/15)/(22/(-440)). What is the greatest common factor of 14 and t?
14
Let d(g) = 2*g**2 + 112*g - 115. Let n be d(-58). Calculate the highest common factor of 273 and n.
39
Let n be (-3)/((-4)/(360/6)). Calculate the highest common factor of 72 and n.
9
Suppose 3 = -3*j + 4*f, 3*j - f = -0*f + 6. Suppose m - 4*m = 3*g - 564, -j*m - 2*g + 560 = 0. Calculate the greatest common divisor of 23 and m.
23
Let m(t) = 208*t**3. Let j = 41 + -40. Let r be m(j). Suppose -v - 3*u + 16 = -8*u, u - 28 = -v. Calculate the greatest common factor of v and r.
26
Let y(k) = k**3 + k**2 - k + 22. Suppose 2*v + 2 = 4*v. Let q(s) = s - 1. Let j be q(v). Let b be y(j). What is the highest common factor of 22 and b?
22
Suppose -2*p + 29 = 4*b + 3, -5*b = -4*p. Let d be ((-7)/b)/(5/(-60)). Let k be (d/6)/7*16. What is the greatest common divisor of k and 8?
8
Let v be (-49)/(-3) + (-160)/48. What is the greatest common factor of v and 923?
13
Let b be 5/2*(-168)/(-10). What is the highest common divisor of 210 and b?
42
Suppose -4*y + 7*y - 3*a = 1344, -2*a + 2240 = 5*y. What is the highest common divisor of 14 and y?
14
Let i be 3/(3/2) - -23. Suppose -25*r + 20*r + i = 0. What is the greatest common divisor of r and 5?
5
Let o be (-6)/4 - (-45)/10. Suppose o*v + v = -12. Let q be 50/((-2)/3*v). What is the highest common factor of 175 and q?
25
Let h = 107 + -26. Suppose -17 - 28 = -5*b. What is the greatest common factor of h and b?
9
Let w be 140/15*((-52)/16 - -4). What is the greatest common divisor of 7 and w?
7
Let t = 1206 + -1102. Let m = 0 + 13. Calculate the greatest common divisor of m and t.
13
Let k = -3 - -33. Suppose 5*m - 10 = 3*l, -5*m + 4 = -2*l - 6. Suppose m*d - h + 3*h - 34 = 0, -2*d + 49 = -3*h. What is the highest common factor of k and d?
10
Let k = -951 - -955. What is the greatest common divisor of 252 and k?
4
Let y(r) = 5*r**2 + 33*r - 6. Let d be -10 + (-5 - -2)/(-2 + 1). Let x be y(d). What is the highest common factor of 20 and x?
4
Let f(q) = -q**3 + 29*q**2 + 10*q - 119. Let b be f(29). Calculate the greatest common factor of 21 and b.
3
Suppose 3*s - z = 515, 607 + 228 = 5*s + 3*z. What is the greatest common divisor of 187 and s?
17
Suppose 5*l - 2*l = 2*n - 132, -2*l - 8 = 0. What is the highest common divisor of 105 and n?
15
Let j(h) = -4*h**2 + h**3 - 6*h**3 + 533*h - 539*h - 5. Let k be j(-3). What is the greatest common factor of 14 and k?
14
Suppose 8*x - 3*x - 90 = 0. Let d be (-169)/(-5) + x/90. Let c be d - (-5 + 3) - -2. What is the highest common divisor of 95 and c?
19
Let r be (1 - -31) + (7 - 4)/3. Let c be 1*4 + (-1)/((-3)/r). Let m = 53 + -8. Calculate the greatest common divisor of m and c.
15
Let n(l) = l**2 + 3*l - 6. Let a be n(5). Let u be 60/16 + -4 - (-1550)/(-8). Let y = 364 + u. Calculate the highest common divisor of y and a.
34
Let p be 3876/170 - (-6)/5. What is the highest common divisor of p and 396?
12
Suppose -219*a + 222*a - 204 = 0. What is the highest common factor of a and 34?
34
Let w = -16 + 28. Let u be 23/7 + (-12)/42. Suppose 0 = u*y - 1 - 53. Calculate the greatest common factor of w and y.
6
Suppose 0 = u - 28 + 3. Suppose 5*g - 80 = -4*o, 3*o + u = -2*o. Suppose -43 = -3*c + g. What is the highest common factor of 84 and c?
21
Let f(i) = 14*i**2 - 13*i - 30. Let n be f(-4). Calculate the highest common divisor of 41 and n.
41
Suppose z + 3*z - 16 = 0. Suppose -r - 15 = -4*b + 65, 100 = 5*b + z*r. Calculate the greatest common factor of 8 and b.
4
Let m be 8096/192 - 2/12. What is the highest common divisor of 42 and m?
42
Suppose 3*c = 3*t + 198, t - 186 - 144 = -5*c. What is the highest common divisor of 22 and c?
22
Let s = -31 + 115. Calculate the greatest common factor of 63 and s.
21
Let z(y) = 4*y**2 - 15*y + 199. Let q be z(17). What is the highest common factor of 200 and q?
100
Let p be 1 - (-131)/(1 - 0). Let b = -162 - -174. What is the greatest common divisor of b and p?
12
Suppose 581 = 13*c + 100. What is the greatest common divisor of c and 1369?
37
Suppose 4*y - 5*f = 31, 0 = -5*y + f + 3*f + 32. Suppose -204 = 2*x + 4*v - 528, y*v = -4*x + 628. Calculate the highest common factor of 19 and x.
19
Let u be (-36)/(-4)*(-500)/(-15). What is the highest common divisor of 180 and u?
60
Let q(c) = 153*c**2 - 3*c - 12. Let x be q(-2). What is the highest common divisor of x and 6?
6
Let l = 43 + -19. Suppose -4*o = 7*v - 11*v - 860, -865 = -4*o - v. What is the highest common divisor of l and o?
24
Suppose -1 = -2*c + 4*n + 45, -3*c - 4*n = -39. What is the greatest common divisor of 731 and c?
17
Let r = 19 + -3. Suppose -2*g = 4 - r. Let d be ((-3)/(-4))/((-14)/(-168)). Calculate the greatest common divisor of g and d.
3
Let k = -48 - -42. Let s be (-110)/k + 3 + 30/(-9). What is the highest common divisor of s and 144?
18
Let s be (-4)/(-2) + -2 + 3. Let p(h) = -9*h**3 - h**2 - 18*h - 35. Let r be p(-2). Calculate the highest common divisor of s and r.
3
Let s be (-8 + 2)/(-2*1). Let m(y) = -y**2 + 5*y - 2. Let t be m(s). Suppose 0 = -64*q + 72*q - 64. Calculate the greatest common factor of q and t.
4
Suppose -2*m + 5*m - 21 = 0. Let y(v) = m*v + 4 - 2*v - 2. Let c be y(14). What is the greatest common divisor of c and 18?
18
Let q be 6/(-2) + 18 + -3. Let u be 1 + 99/q - (-2)/(-8). What is the highest common factor of u and 27?
9
Let n = -218 + 322. Suppose 4*o = 4*b + n, 11 = o - 5*b - 11. Suppose -3 = -0*s - s. Calculate the highest common factor of o and s.
3
Let i = 242 - 226. What is the greatest common factor of i and 8?
8
Suppose -3*n + 4*d - 7 = 0, 2*d = -2*n + 6*n - 4. Let j be ((-1)/3)/((-2)/(-6)). Let b be (j - 215)*n/(-6). Calculate the highest common divisor of 12 and b.
12
Suppose 8 + 8 = r. Let v(p) = -2*p - 2. Let a be v(-8). Suppose 5*j + 4*o - 15 = 37, -a = -j - 2*o. Calculate the greatest common divisor of r and j.
8
Let m = 1347 - 1332. What is the highest common divisor of 15 and m?
15
Let p = -88 + 128. Let y = -3389 + 3419. What is the highest common divisor of p and y?
10
Let d be 10/8 + 2975/68. Calculate the greatest common factor of 195 and d.
15
Let i = -21 + 35. Suppose -5*h = -23 - 297. Let a = h - 36. Calculate the greatest common divisor of a and i.
14
Suppose -4*y = -2*z + 142, -3*z + 0*z + 4*y = -217. What is the highest common factor of z and 100?
25
Suppose -4*v + 2 = w + 13, -v = 5*w - 40. 